{"id":314,"date":"2026-04-12T10:35:18","date_gmt":"2026-04-12T10:35:18","guid":{"rendered":"https:\/\/thuymo.azdigi.shop\/?post_type=product&#038;p=314"},"modified":"2026-04-17T04:59:54","modified_gmt":"2026-04-17T04:59:54","slug":"314","status":"publish","type":"product","link":"https:\/\/thuymo.azdigi.shop\/index.php\/product\/314\/","title":{"rendered":"\u00c1o c\u00fap ng\u1ef1c \u0111i bi\u1ec3n"},"content":{"rendered":"<p>V\u01b0\u1ee3t xa ranh gi\u1edbi c\u1ee7a nh\u1eefng ph\u1ee5 ki\u1ec7n th\u00f4ng th\u01b0\u1eddng, b\u1ed9 s\u01b0u t\u1eadp \u00c1o C\u00fap Ng\u1ef1c \u0110\u00ednh K\u1ebft (Beaded Top) ch\u00ednh l\u00e0 b\u1ea3n giao h\u01b0\u1edfng ho\u00e0n h\u1ea3o gi\u1eefa s\u1ef1 t\u00e1o b\u1ea1o v\u00e0 n\u00e9t tinh x\u1ea3o th\u1ee7 c\u00f4ng. \u0110\u01b0\u1ee3c thi\u1ebft k\u1ebf \u0111\u1ec3 \u00f4m l\u1ea5y nh\u1eefng \u0111\u01b0\u1eddng cong m\u1ec1m m\u1ea1i, m\u1ed7i chi\u1ebfc top l\u00e0 m\u1ed9t &#8220;b\u00e1u v\u1eadt&#8221; gi\u00fap n\u00e0ng kh\u1eb3ng \u0111\u1ecbnh phong c\u00e1ch th\u1eddi th\u01b0\u1ee3ng v\u00e0 kh\u00ed ch\u1ea5t kh\u00f4ng th\u1ec3 tr\u1ed9n l\u1eabn.<\/p>\n","protected":false},"excerpt":{"rendered":"<p>V\u01b0\u1ee3t xa ranh gi\u1edbi c\u1ee7a nh\u1eefng ph\u1ee5 ki\u1ec7n th\u00f4ng th\u01b0\u1eddng, b\u1ed9 s\u01b0u t\u1eadp \u00c1o C\u00fap Ng\u1ef1c \u0110\u00ednh K\u1ebft (Beaded Top) ch\u00ednh l\u00e0 b\u1ea3n giao h\u01b0\u1edfng ho\u00e0n h\u1ea3o gi\u1eefa s\u1ef1 t\u00e1o b\u1ea1o v\u00e0 n\u00e9t tinh x\u1ea3o th\u1ee7 c\u00f4ng. \u0110\u01b0\u1ee3c thi\u1ebft k\u1ebf \u0111\u1ec3 \u00f4m l\u1ea5y nh\u1eefng \u0111\u01b0\u1eddng cong m\u1ec1m m\u1ea1i, m\u1ed7i chi\u1ebfc top l\u00e0 m\u1ed9t &#8220;b\u00e1u v\u1eadt&#8221; [&#8230;]\n","protected":false},"featured_media":315,"comment_status":"open","ping_status":"closed","template":"","meta":[],"product_brand":[],"product_cat":[62],"product_tag":[],"class_list":{"0":"post-314","1":"product","2":"type-product","3":"status-publish","4":"has-post-thumbnail","6":"product_cat-ao-cup-nguc","8":"first","9":"instock","10":"shipping-taxable","11":"purchasable","12":"product-type-variable"},"yoast_head":"<!-- This site is optimized with the Yoast SEO plugin v27.2 - https:\/\/yoast.com\/product\/yoast-seo-wordpress\/ -->\n<title>\u00c1o c\u00fap ng\u1ef1c \u0111i bi\u1ec3n - Girl Power<\/title>\n<meta name=\"robots\" content=\"index, follow, max-snippet:-1, max-image-preview:large, max-video-preview:-1\" \/>\n<link rel=\"canonical\" href=\"https:\/\/thuymo.azdigi.shop\/index.php\/product\/314\/\" \/>\n<meta property=\"og:locale\" content=\"vi_VN\" \/>\n<meta property=\"og:type\" content=\"article\" \/>\n<meta property=\"og:title\" content=\"\u00c1o c\u00fap ng\u1ef1c \u0111i bi\u1ec3n - Girl Power\" \/>\n<meta property=\"og:description\" content=\"V\u01b0\u1ee3t xa ranh gi\u1edbi c\u1ee7a nh\u1eefng ph\u1ee5 ki\u1ec7n th\u00f4ng th\u01b0\u1eddng, b\u1ed9 s\u01b0u t\u1eadp \u00c1o C\u00fap Ng\u1ef1c \u0110\u00ednh K\u1ebft (Beaded Top) ch\u00ednh l\u00e0 b\u1ea3n giao h\u01b0\u1edfng ho\u00e0n h\u1ea3o gi\u1eefa s\u1ef1 t\u00e1o b\u1ea1o v\u00e0 n\u00e9t tinh x\u1ea3o th\u1ee7 c\u00f4ng. \u0110\u01b0\u1ee3c thi\u1ebft k\u1ebf \u0111\u1ec3 \u00f4m l\u1ea5y nh\u1eefng \u0111\u01b0\u1eddng cong m\u1ec1m m\u1ea1i, m\u1ed7i chi\u1ebfc top l\u00e0 m\u1ed9t &#8220;b\u00e1u v\u1eadt&#8221; [...]\" \/>\n<meta property=\"og:url\" content=\"https:\/\/thuymo.azdigi.shop\/index.php\/product\/314\/\" \/>\n<meta property=\"og:site_name\" content=\"Girl Power\" \/>\n<meta property=\"article:modified_time\" content=\"2026-04-17T04:59:54+00:00\" \/>\n<meta property=\"og:image\" content=\"https:\/\/thuymo.azdigi.shop\/wp-content\/uploads\/2026\/04\/05d787e9498ed804118cfaaf35774942.jpg\" \/>\n\t<meta property=\"og:image:width\" content=\"736\" \/>\n\t<meta property=\"og:image:height\" content=\"838\" \/>\n\t<meta property=\"og:image:type\" content=\"image\/jpeg\" \/>\n<meta name=\"twitter:card\" content=\"summary_large_image\" \/>\n<meta name=\"twitter:label1\" content=\"\u01af\u1edbc t\u00ednh th\u1eddi gian \u0111\u1ecdc\" \/>\n\t<meta name=\"twitter:data1\" content=\"1 ph\u00fat\" \/>\n<script type=\"application\/ld+json\" class=\"yoast-schema-graph\">{\"@context\":\"https:\/\/schema.org\",\"@graph\":[{\"@type\":\"WebPage\",\"@id\":\"https:\/\/thuymo.azdigi.shop\/index.php\/product\/314\/\",\"url\":\"https:\/\/thuymo.azdigi.shop\/index.php\/product\/314\/\",\"name\":\"\u00c1o c\u00fap ng\u1ef1c \u0111i bi\u1ec3n - Girl Power\",\"isPartOf\":{\"@id\":\"https:\/\/thuymo.azdigi.shop\/#website\"},\"primaryImageOfPage\":{\"@id\":\"https:\/\/thuymo.azdigi.shop\/index.php\/product\/314\/#primaryimage\"},\"image\":{\"@id\":\"https:\/\/thuymo.azdigi.shop\/index.php\/product\/314\/#primaryimage\"},\"thumbnailUrl\":\"https:\/\/thuymo.azdigi.shop\/wp-content\/uploads\/2026\/04\/05d787e9498ed804118cfaaf35774942.jpg\",\"datePublished\":\"2026-04-12T10:35:18+00:00\",\"dateModified\":\"2026-04-17T04:59:54+00:00\",\"breadcrumb\":{\"@id\":\"https:\/\/thuymo.azdigi.shop\/index.php\/product\/314\/#breadcrumb\"},\"inLanguage\":\"vi\",\"potentialAction\":[{\"@type\":\"ReadAction\",\"target\":[\"https:\/\/thuymo.azdigi.shop\/index.php\/product\/314\/\"]}]},{\"@type\":\"ImageObject\",\"inLanguage\":\"vi\",\"@id\":\"https:\/\/thuymo.azdigi.shop\/index.php\/product\/314\/#primaryimage\",\"url\":\"https:\/\/thuymo.azdigi.shop\/wp-content\/uploads\/2026\/04\/05d787e9498ed804118cfaaf35774942.jpg\",\"contentUrl\":\"https:\/\/thuymo.azdigi.shop\/wp-content\/uploads\/2026\/04\/05d787e9498ed804118cfaaf35774942.jpg\",\"width\":736,\"height\":838},{\"@type\":\"BreadcrumbList\",\"@id\":\"https:\/\/thuymo.azdigi.shop\/index.php\/product\/314\/#breadcrumb\",\"itemListElement\":[{\"@type\":\"ListItem\",\"position\":1,\"name\":\"Trang ch\u1ee7\",\"item\":\"https:\/\/thuymo.azdigi.shop\/\"},{\"@type\":\"ListItem\",\"position\":2,\"name\":\"Shop\",\"item\":\"https:\/\/thuymo.azdigi.shop\/index.php\/shop\/\"},{\"@type\":\"ListItem\",\"position\":3,\"name\":\"\u00c1o c\u00fap ng\u1ef1c \u0111i bi\u1ec3n\"}]},{\"@type\":\"WebSite\",\"@id\":\"https:\/\/thuymo.azdigi.shop\/#website\",\"url\":\"https:\/\/thuymo.azdigi.shop\/\",\"name\":\"Girl Power\",\"description\":\"N\u1eafng v\u00e0ng, gi\u00f3 nh\u1eb9 v\u00e0 nh\u1eefng m\u00f3n ph\u1ee5 ki\u1ec7n xinh x\u1eafn s\u1ebd khi\u1ebfn m\u1ed7i kho\u1ea3nh kh\u1eafc b\u00ean bi\u1ec3n c\u1ee7a n\u00e0ng tr\u1edf n\u00ean l\u00e3ng m\u1ea1n h\u01a1n bao gi\u1edd h\u1ebft v\u00e0 \u0111i\u1ec1u \u0111\u00f3 k\u1ec3 m\u1ed9t c\u00e2u chuy\u1ec7n m\u00f9a h\u00e8 \u0111\u1ea7y m\u00ea ho\u1eb7c \ud83c\udf0a\u2728\",\"potentialAction\":[{\"@type\":\"SearchAction\",\"target\":{\"@type\":\"EntryPoint\",\"urlTemplate\":\"https:\/\/thuymo.azdigi.shop\/?s={search_term_string}\"},\"query-input\":{\"@type\":\"PropertyValueSpecification\",\"valueRequired\":true,\"valueName\":\"search_term_string\"}}],\"inLanguage\":\"vi\"}]}<\/script>\n<!-- \/ Yoast SEO plugin. -->","yoast_head_json":{"title":"\u00c1o c\u00fap ng\u1ef1c \u0111i bi\u1ec3n - Girl Power","robots":{"index":"index","follow":"follow","max-snippet":"max-snippet:-1","max-image-preview":"max-image-preview:large","max-video-preview":"max-video-preview:-1"},"canonical":"https:\/\/thuymo.azdigi.shop\/index.php\/product\/314\/","og_locale":"vi_VN","og_type":"article","og_title":"\u00c1o c\u00fap ng\u1ef1c \u0111i bi\u1ec3n - Girl Power","og_description":"V\u01b0\u1ee3t xa ranh gi\u1edbi c\u1ee7a nh\u1eefng ph\u1ee5 ki\u1ec7n th\u00f4ng th\u01b0\u1eddng, b\u1ed9 s\u01b0u t\u1eadp \u00c1o C\u00fap Ng\u1ef1c \u0110\u00ednh K\u1ebft (Beaded Top) ch\u00ednh l\u00e0 b\u1ea3n giao h\u01b0\u1edfng ho\u00e0n h\u1ea3o gi\u1eefa s\u1ef1 t\u00e1o b\u1ea1o v\u00e0 n\u00e9t tinh x\u1ea3o th\u1ee7 c\u00f4ng. \u0110\u01b0\u1ee3c thi\u1ebft k\u1ebf \u0111\u1ec3 \u00f4m l\u1ea5y nh\u1eefng \u0111\u01b0\u1eddng cong m\u1ec1m m\u1ea1i, m\u1ed7i chi\u1ebfc top l\u00e0 m\u1ed9t &#8220;b\u00e1u v\u1eadt&#8221; [...]","og_url":"https:\/\/thuymo.azdigi.shop\/index.php\/product\/314\/","og_site_name":"Girl Power","article_modified_time":"2026-04-17T04:59:54+00:00","og_image":[{"width":736,"height":838,"url":"https:\/\/thuymo.azdigi.shop\/wp-content\/uploads\/2026\/04\/05d787e9498ed804118cfaaf35774942.jpg","type":"image\/jpeg"}],"twitter_card":"summary_large_image","twitter_misc":{"\u01af\u1edbc t\u00ednh th\u1eddi gian \u0111\u1ecdc":"1 ph\u00fat"},"schema":{"@context":"https:\/\/schema.org","@graph":[{"@type":"WebPage","@id":"https:\/\/thuymo.azdigi.shop\/index.php\/product\/314\/","url":"https:\/\/thuymo.azdigi.shop\/index.php\/product\/314\/","name":"\u00c1o c\u00fap ng\u1ef1c \u0111i bi\u1ec3n - Girl Power","isPartOf":{"@id":"https:\/\/thuymo.azdigi.shop\/#website"},"primaryImageOfPage":{"@id":"https:\/\/thuymo.azdigi.shop\/index.php\/product\/314\/#primaryimage"},"image":{"@id":"https:\/\/thuymo.azdigi.shop\/index.php\/product\/314\/#primaryimage"},"thumbnailUrl":"https:\/\/thuymo.azdigi.shop\/wp-content\/uploads\/2026\/04\/05d787e9498ed804118cfaaf35774942.jpg","datePublished":"2026-04-12T10:35:18+00:00","dateModified":"2026-04-17T04:59:54+00:00","breadcrumb":{"@id":"https:\/\/thuymo.azdigi.shop\/index.php\/product\/314\/#breadcrumb"},"inLanguage":"vi","potentialAction":[{"@type":"ReadAction","target":["https:\/\/thuymo.azdigi.shop\/index.php\/product\/314\/"]}]},{"@type":"ImageObject","inLanguage":"vi","@id":"https:\/\/thuymo.azdigi.shop\/index.php\/product\/314\/#primaryimage","url":"https:\/\/thuymo.azdigi.shop\/wp-content\/uploads\/2026\/04\/05d787e9498ed804118cfaaf35774942.jpg","contentUrl":"https:\/\/thuymo.azdigi.shop\/wp-content\/uploads\/2026\/04\/05d787e9498ed804118cfaaf35774942.jpg","width":736,"height":838},{"@type":"BreadcrumbList","@id":"https:\/\/thuymo.azdigi.shop\/index.php\/product\/314\/#breadcrumb","itemListElement":[{"@type":"ListItem","position":1,"name":"Trang ch\u1ee7","item":"https:\/\/thuymo.azdigi.shop\/"},{"@type":"ListItem","position":2,"name":"Shop","item":"https:\/\/thuymo.azdigi.shop\/index.php\/shop\/"},{"@type":"ListItem","position":3,"name":"\u00c1o c\u00fap ng\u1ef1c \u0111i bi\u1ec3n"}]},{"@type":"WebSite","@id":"https:\/\/thuymo.azdigi.shop\/#website","url":"https:\/\/thuymo.azdigi.shop\/","name":"Girl Power","description":"N\u1eafng v\u00e0ng, gi\u00f3 nh\u1eb9 v\u00e0 nh\u1eefng m\u00f3n ph\u1ee5 ki\u1ec7n xinh x\u1eafn s\u1ebd khi\u1ebfn m\u1ed7i kho\u1ea3nh kh\u1eafc b\u00ean bi\u1ec3n c\u1ee7a n\u00e0ng tr\u1edf n\u00ean l\u00e3ng m\u1ea1n h\u01a1n bao gi\u1edd h\u1ebft v\u00e0 \u0111i\u1ec1u \u0111\u00f3 k\u1ec3 m\u1ed9t c\u00e2u chuy\u1ec7n m\u00f9a h\u00e8 \u0111\u1ea7y m\u00ea ho\u1eb7c \ud83c\udf0a\u2728","potentialAction":[{"@type":"SearchAction","target":{"@type":"EntryPoint","urlTemplate":"https:\/\/thuymo.azdigi.shop\/?s={search_term_string}"},"query-input":{"@type":"PropertyValueSpecification","valueRequired":true,"valueName":"search_term_string"}}],"inLanguage":"vi"}]}},"jetpack_sharing_enabled":true,"_links":{"self":[{"href":"https:\/\/thuymo.azdigi.shop\/index.php\/wp-json\/wp\/v2\/product\/314","targetHints":{"allow":["GET"]}}],"collection":[{"href":"https:\/\/thuymo.azdigi.shop\/index.php\/wp-json\/wp\/v2\/product"}],"about":[{"href":"https:\/\/thuymo.azdigi.shop\/index.php\/wp-json\/wp\/v2\/types\/product"}],"replies":[{"embeddable":true,"href":"https:\/\/thuymo.azdigi.shop\/index.php\/wp-json\/wp\/v2\/comments?post=314"}],"wp:featuredmedia":[{"embeddable":true,"href":"https:\/\/thuymo.azdigi.shop\/index.php\/wp-json\/wp\/v2\/media\/315"}],"wp:attachment":[{"href":"https:\/\/thuymo.azdigi.shop\/index.php\/wp-json\/wp\/v2\/media?parent=314"}],"wp:term":[{"taxonomy":"product_brand","embeddable":true,"href":"https:\/\/thuymo.azdigi.shop\/index.php\/wp-json\/wp\/v2\/product_brand?post=314"},{"taxonomy":"product_cat","embeddable":true,"href":"https:\/\/thuymo.azdigi.shop\/index.php\/wp-json\/wp\/v2\/product_cat?post=314"},{"taxonomy":"product_tag","embeddable":true,"href":"https:\/\/thuymo.azdigi.shop\/index.php\/wp-json\/wp\/v2\/product_tag?post=314"}],"curies":[{"name":"wp","href":"https:\/\/api.w.org\/{rel}","templated":true}]}}